s the remainder when 109748 is divided by 68?
64
What is the remainder when 36632 is divided by 17?
14
What is the remainder when 59253 is divided by 7?
5
Calculate the remainder when 566 is divided by 543.
23
What is the remainder when 8470 is divided by 48?
22
Calculate the remainder when 5133 is divided by 1111.
689
What is the remainder when 121551 is divided by 120?
111
Calculate the remainder when 10070 is divided by 266.
228
Calculate the remainder when 18877 is divided by 134.
117
What is the remainder when 800 is divided by 12?
8
Calculate the remainder when 860859 is divided by 140.
139
Calculate the remainder when 87387 is divided by 29122.
21
What is the remainder when 5907 is divided by 28?
27
Calculate the remainder when 145103 is divided by 59.
22
What is the remainder when 39553 is divided by 341?
338
What is the remainder when 50437 is divided by 104?
101
Calculate the remainder when 23779 is divided by 24.
19
What is the remainder when 16628 is divided by 1028?
180
What is the remainder when 5646 is divided by 52?
30
What is the remainder when 58902 is divided by 11777?
17
What is the remainder when 17912 is divided by 373?
8
What is the remainder when 2266218 is divided by 83934?
0
What is the remainder when 161996 is divided by 110?
76
What is the remainder when 1412745 is divided by 90?
15
What is the remainder when 35870 is divided by 35853?
17
Calculate the remainder when 892786 is divided by 1534.
1532
Calculate the remainder when 20846 is divided by 278.
274
Calculate the remainder when 5774 is divided by 16.
14
What is the remainder when 501109 is divided by 1055?
1039
Calculate the remainder when 887 is divided by 178.
175
Calculate the remainder when 126669 is divided by 14073.
12
What is the remainder when 126249 is divided by 167?
164
What is the remainder when 180118 is divided by 773?
9
Calculate the remainder when 130021 is divided by 26.
21
Calculate the remainder when 608 is divided by 146.
24
Calculate the remainder when 29837 is divided by 70.
17
What is the remainder when 632 is divided by 233?
166
Calculate the remainder when 698 is divided by 21.
5
Calculate the remainder when 1962 is divided by 576.
234
What is the remainder when 305441 is divided by 572?
565
What is the remainder when 99189 is divided by 70?
69
What is the remainder when 12043 is divided by 30?
13
What is the remainder when 34759 is divided by 1448?
7
What is the remainder when 46651 is divided by 215?
211
Calculate the remainder when 241495 is divided by 69.
64
Calculate the remainder when 2108285 is divided by 1456.
1453
What is the remainder when 6237 is divided by 325?
62
What is the remainder when 199786 is divided by 15?
1
Calculate the remainder when 4588 is divided by 1555.
1478
What is the remainder when 16649 is divided by 3084?
1229
What is the remainder when 391 is divided by 341?
50
What is the remainder when 666 is divided by 252?
162
What is the remainder when 30408 is divided by 295?
23
What is the remainder when 6120 is divided by 23?
2
What is the remainder when 1081 is divided by 503?
75
Calculate the remainder when 13828 is divided by 203.
24
What is the remainder when 18433 is divided by 9210?
13
What is the remainder when 13760 is divided by 13751?
9
What is the remainder when 9292 is divided by 1537?
70
What is the remainder when 2578 is divided by 238?
198
What is the remainder when 17890 is divided by 7?
5
Calculate the remainder when 1753 is divided by 407.
125
What is the remainder when 725 is divided by 3?
2
Calculate the remainder when 356899 is divided by 1389.
1315
What is the remainder when 10127 is divided by 10072?
55
What is the remainder when 28265 is divided by 9355?
200
What is the remainder when 28916 is divided by 308?
272
Calculate the remainder when 1027 is divided by 516.
511
What is the remainder when 145354 is divided by 14535?
4
Calculate the remainder when 37563 is divided by 62.
53
What is the remainder when 10291 is divided by 1002?
271
What is the remainder when 6756 is divided by 269?
31
Calculate the remainder when 185802 is divided by 61922.
36
What is the remainder when 26530 is divided by 43?
42
What is the remainder when 813146 is divided by 237?
236
What is the remainder when 1302 is divided by 287?
154
What is the remainder when 1024 is divided by 495?
34
What is the remainder when 9259 is divided by 113?
106
What is the remainder when 2915 is divided by 480?
35
What is the remainder when 6170 is divided by 17?
16
What is the remainder when 65917 is divided by 7321?
28
Calculate the remainder when 1193 is divided by 27.
5
Calculate the remainder when 104721 is divided by 52349.
23
Calculate the remainder when 42650 is divided by 406.
20
What is the remainder when 186479 is divided by 518?
517
Calculate the remainder when 19051 is divided by 133.
32
Calculate the remainder when 197182 is divided by 64.
62
What is the remainder when 3202750 is divided by 112?
110
Calculate the remainder when 955984 is divided by 238995.
4
Calculate the remainder when 217640 is divided by 21763.
10
Calculate the remainder when 58733 is divided by 45.
8
Calculate the remainder when 864240 is divided by 331.
330
What is the remainder when 46169 is divided by 11533?
37
What is the remainder when 2567 is divided by 668?
563
What is the remainder when 25697 is divided by 8469?
290
Calculate the remainder when 266445 is divided by 104.
101
Calculate the remainder when 1083529 is divided by 14.
13
Calculate the remainder when 1068 is divided by 225.
168
What is the remainder when 13806 is divided by 2269?
192
What is the remainder when 430 is divided by 366?
64
Calculate the remainder when 1136 is divided by 43.
18
Calculate the remainder when 29652 is divided by 97.
67
Calculate the remainder when 12360 is divided by 7.
5
What is the remainder when 12434 is divided by 60?
14
What is the remainder when 10863 is divided by 10833?
30
Calculate the remainder when 4091 is divided by 15.
11
Calculate the remainder when 142200 is divided by 50.
0
What is the remainder when 6532 is divided by 99?
97
What is the remainder when 16782 is divided by 154?
150
Calculate the remainder when 9183 is divided by 12.
3
Calculate the remainder when 145 is divided by 33.
13
Calculate the remainder when 5056 is divided by 126.
16
What is the remainder when 1036 is divided by 238?
84
What is the remainder when 8000 is divided by 613?
31
What is the remainder when 13742 is divided by 168?
134
Calculate the remainder when 34422 is divided by 39.
24
What is the remainder when 30967 is divided by 30955?
12
What is the remainder when 286028 is divided by 303?
299
Calculate the remainder when 295 is divided by 31.
16
What is the remainder when 42607 is divided by 6084?
19
Calculate the remainder when 42542 is divided by 721.
3
What is the remainder when 794 is divided by 79?
4
Calculate the remainder when 5199 is divided by 52.
51
What is the remainder when 474906 is divided by 873?
867
Calculate the remainder when 3219 is divided by 413.
328
What is the remainder when 691038 is divided by 1234?
1232
Calculate the remainder when 317741 is divided by 20.
1
Calculate the remainder when 123618 is divided by 1.
0
What is the remainder when 241372 is divided by 1068?
4
What is the remainder when 7858 is divided by 189?
109
Calculate the remainder when 220713 is divided by 352.
9
Calculate the remainder when 1836 is divided by 228.
12
Calculate the remainder when 4977 is divided by 10.
7
What is the remainder when 20337 is divided by 67?
36
What is the remainder when 5336 is divided by 152?
16
What is the remainder when 67487 is divided by 823?
1
What is the remainder when 1808 is divided by 1254?
554
What is the remainder when 1288 is divided by 639?
10
Calculate the remainder when 15850 is divided by 353.
318
Calculate the remainder when 226803 is divided by 1553.
65
Calculate the remainder when 32424 is divided by 8098.
32
What is the remainder when 42539 is divided by 243?
14
What is the remainder when 37480 is divided by 63?
58
Calculate the remainder when 11698 is divided by 1385.
618
What is the remainder when 19860 is divided by 3971?
5
What is the remainder when 603 is divided by 18?
9
What is the remainder when 4924 is divid